ermine q(4).
8
Let d(a) = -a**3 + 166*a**2 - 1269*a + 765. What is d(158)?
-25
Let d(o) = -225*o - 2482. Determine d(-11).
-7
Let i(p) = -4*p**3 + 19*p**2 + 11*p - 16. What is i(5)?
14
Let p(t) = -1441*t - 34593. What is p(-24)?
-9
Let z(y) = y**2 + 11*y - 1164. What is z(-42)?
138
Let q(n) = -71*n - 2065. What is q(-29)?
-6
Let y(m) = m**3 + 2*m**2 - 50*m + 22. What is y(-8)?
38
Let t(r) = 5*r**2 - 173*r - 59. Determine t(35).
11
Let n(l) = 23*l**2 + 6*l + 8. Calculate n(-1).
25
Let k(q) = q**2 + 92*q - 964. What is k(-104)?
284
Let k(j) = 253*j + 4576. Calculate k(-18).
22
Let v(n) = -16*n + 205. Determine v(14).
-19
Let m(f) = -352*f + 2128. Give m(6).
16
Let q(w) = -w**2 + 85*w + 1668. Determine q(-16).
52
Let c(b) = -b**2 + 297*b + 21002. Determine c(-59).
-2
Let l(m) = -317*m - 7933. Determine l(-25).
-8
Let n(t) = 3*t**2 - 19*t + 38. Calculate n(5).
18
Let y(f) = -2*f**2 + 30*f + 257. Determine y(23).
-111
Let d(t) = -t**3 - 16*t**2 - 22*t - 88. Give d(-15).
17
Let n(h) = -h**3 + 8*h**2 - 16*h + 9. Determine n(2).
1
Let u(k) = -7*k**2 - 165*k - 505. What is u(-20)?
-5
Let a(b) = 4*b**2 + 122*b + 83. Determine a(-29).
-91
Let y(d) = d**2 - 1964*d - 3937. Determine y(-2).
-5
Let v(c) = c**2 + 115*c + 2968. Give v(-42).
-98
Let c(z) = -2*z**3 + 59*z**2 + 33*z - 72. What is c(30)?
18
Let l(a) = -7*a**2 + a - 12. Calculate l(4).
-120
Let y(g) = g**3 - 12*g**2 - 11*g - 52. What is y(13)?
-26
Let a(l) = -l**2 - 59*l - 65. Determine a(-58).
-7
Let j(v) = -v**2 + 18*v + 17. Determine j(-7).
-158
Let x(m) = m**3 - 13*m**2 + 82*m - 239. Give x(6).
1
Let o(y) = 126*y - 936. What is o(5)?
-306
Let a(w) = -6*w**2 - 82*w - 2. What is a(-13)?
50
Let b(g) = g**3 - 54*g**2 - 74*g + 698. What is b(55)?
-347
Let g(r) = -13*r**2 + 232*r - 831. What is g(5)?
4
Let w(o) = o**2 - 94*o - 628. Give w(100).
-28
Let x(i) = -103*i - 14726. Give x(-143).
3
Let x(j) = -2*j**3 + 129*j**2 - 280*j + 5740. Calculate x(63).
7
Let c(f) = 42*f - 168. Determine c(8).
168
Let l(w) = -76*w + 2815. Calculate l(37).
3
Let g(t) = -143*t**2 + 19*t + 42. What is g(-2)?
-568
Let w(c) = 6*c**2 - 75*c + 76. Give w(1).
7
Let y(u) = 32*u**2 + 145*u + 451. What is y(-3)?
304
Let b(g) = -47*g + 483. What is b(10)?
13
Let x(u) = 67*u - 1882. Calculate x(28).
-6
Let k(y) = -54*y - 33. What is k(-1)?
21
Let p(y) = y**2 - 81*y + 1620. What is p(35)?
10
Let a(f) = -9*f**3 + 2*f**2 + 7*f + 3. What is a(1)?
3
Let k(b) = -2442*b + 92800. What is k(38)?
4
Let w(k) = -k**3 + 30*k**2 + 249*k - 5933. What is w(32)?
-13
Let i(f) = 2*f**3 + 7*f**2 - f - 8. Calculate i(-1).
-2
Let c(q) = 3*q**2 + 56*q + 39. Determine c(-23).
338
Let m(o) = 14*o**2 + 959*o + 478. Determine m(-68).
2
Let z(u) = 23*u**2 + 1038*u + 152. Determine z(-45).
17
Let n(w) = 5*w + 151. Calculate n(-26).
21
Let p(h) = -73*h - 8559. What is p(-117)?
-18
Let j(y) = -3*y**3 - 136*y**2 - 48*y - 145. Give j(-45).
-10
Let r(f) = -20*f**2 + 12*f - 15. Determine r(2).
-71
Let f(m) = -33*m**2 + 1087*m + 89. Give f(33).
23
Let a(b) = 267*b + 602. Give a(-2).
68
Let j(w) = w**3 + 6*w**2 - 84*w + 205. Determine j(3).
34
Let w(i) = 3*i**2 + 90*i + 624. Determine w(-22).
96
Let n(o) = -6*o**2 - 252*o + 2205. Give n(9).
-549
Let j(p) = p**3 - p - 173. What is j(0)?
-173
Let y(l) = 21*l + 11. Calculate y(-7).
-136
Let u(v) = v**3 - 90*v**2 + 658*v - 212. Determine u(82).
-48
Let c(f) = 656*f + 3287. Determine c(-5).
7
Let j(f) = -f**3 + 5*f**2 + 27*f + 20. What is j(-2)?
-6
Let n(q) = -187*q + 1129. Calculate n(6).
7
Let n(l) = -l**3 + 5*l**2 + 23*l - 123. Give n(4).
-15
Let x(m) = -18*m - 49. What is x(-12)?
167
Let g(j) = 3*j**2 + 9*j + 32. Calculate g(-5).
62
Let o(w) = w**2 + 4*w + 19. What is o(-8)?
51
Let r(n) = -3*n + 10. Determine r(-5).
25
Let q(x) = -130*x**2 - 392*x + 21. Calculate q(-3).
27
Let l(g) = -3676*g + 136012. Calculate l(37).
0
Let x(d) = -d**2 - 136*d - 1023. Calculate x(-128).
1
Let g(b) = -9*b + 479. What is g(53)?
2
Let q(v) = -v**3 + 9*v**2 + 92*v - 794. What is q(8)?
6
Let x(m) = m**3 - 7*m**2 - 32*m + 204. What is x(5)?
-6
Let u(x) = 5*x**2 - 3*x - 27. What is u(2)?
-13
Let r(h) = h**3 - 28*h**2 + 21*h + 43. Give r(27).
-119
Let j(k) = -3*k**2 + 33*k - 102. What is j(6)?
-12
Let n(i) = -i**2 - 6*i + 73. Determine n(20).
-447
Let n(l) = l**3 + 9*l**2 - 4*l - 176. Give n(-8).
-80
Let a(i) = -2*i**2 + 15*i + 28. Give a(-3).
-35
Let u(p) = 953*p + 8562. Determine u(-9).
-15
Let g(p) = -p**3 + 15*p**2 - 101*p + 367. What is g(8)?
7
Let k(t) = 120*t + 29781. What is k(-248)?
21
Let k(h) = -h**3 + 11*h**2 + 4*h + 103. Determine k(12).
7
Let u(m) = m**3 + 2*m**2 + 7*m + 5. Calculate u(0).
5
Let j(z) = z**2 - 13311*z - 146540. What is j(-11)?
2
Let i(v) = 5*v**2 - 26*v + 35. What is i(5)?
30
Let b(g) = 8*g - 79. What is b(25)?
121
Let v(r) = -31*r + 47. Determine v(4).
-77
Let l(o) = -o**2 - 26*o + 472. What is l(-38)?
16
Let o(n) = 476*n**2 - 458*n - 4. Determine o(1).
14
Let x(g) = -39*g - 1447. What is x(-38)?
35
Let m(v) = 4*v**3 - 260*v**2 - 541*v + 339. Calculate m(67).
4
Let w(b) = 6*b**3 - 3*b**2 + 8*b - 2. What is w(2)?
50
Let j(h) = -4*h**2 + 2809*h + 2809. Calculate j(-1).
-4
Let t(a) = -5*a**2 + 126*a - 651. Determine t(18).
-3
Let t(f) = -2*f - 14. What is t(-5)?
-4
Let m(g) = -101*g**2 - 423*g - 72. Give m(-4).
4
Let i(n) = -34*n**2 + 42*n - 2. Calculate i(2).
-54
Let v(l) = l**3 - l**2 - 11*l - 17. Give v(-3).
-20
Let f(g) = 9*g**2 - 4*g + 25. What is f(3)?
94
Let k(r) = -10*r + 136. Give k(8).
56
Let w(j) = -22*j**2 - 926*j - 76. Calculate w(-42).
8
Let n(f) = 13*f**2 + 2*f + 11. Determine n(0).
11
Let k(u) = 4*u**2 - 32*u + 1. What is k(6)?
-47
Let z(r) = -r**3 - 22*r**2 + 109*r + 257. What is z(-26)?
127
Let z(p) = -5*p**3 - 38*p**2 + 31*p + 1. What is z(1)?
-11
Let d(y) = -2*y**2 + 76*y - 346. Calculate d(5).
-16
Let h(s) = s**3 + 21*s**2 + 32*s + 172. What is h(-20)?
-68
Let j(h) = h**3 - 24*h**2 + 78*h - 195. Determine j(21).
120
Let m(y) = -113*y - 1244. Calculate m(-11).
-1
Let j(g) = 2*g**2 - 26*g - 271. Give j(20).
9
Let p(s) = -6*s**2 + 1201*s - 1402. What is p(199)?
-9
Let d(g) = g**3 + 8*g**2 + 6*g - 62. Calculate d(-6).
-26
Let a(g) = 91*g - 464. What is a(5)?
-9
Let q(v) = -v**3 + 24*v**2 + 53*v + 4. Determine q(26).
30
Let i(z) = -34*z - 1847. Determine i(-54).
-11
Let s(j) = 2125*j - 135986. Determine s(64).
14
Let h(g) = 81*g + 1346. Calculate h(-15).
131
Let b(f) = -2*f**3 - 69*f**2 - 102*f - 96. What is b(-33)?
3
Let p(b) = -b - 29. Determine p(-20).
-9
Let h(z) = 2*z**3 - 49*z**2 + 73*z + 198. Determine h(3).
30
Let l(a) = -a**2 + 99*a + 314. Determine l(102).
8
Let g(r) = 129*r + 534. Determine g(-4).
18
Let j(m) = 20*m - 837. What is j(44)?
43
Let l(h) = 2*h**2 + 2*h - 7. Give l(-5).
33
Let w(k) = k**3 + 11*k**2 - 10*k - 107. Give w(-11).
3
Let i(f) = 10*f - 142. Give i(18).
38
Let l(t) = t**3 - 44*t + 9. What is l(-7)?
-26
Let o(u) = u**3 + 16*u**2 - 210*u - 3309. Determine o(-15).
66
Let c(y) = y**2 + 346*y - 10066. Calculate c(27).
5
Let m(v) = -v**2 + 41*v - 21. Calculate m(16).
379
Let c(i) = 2*i**3 - 136*i**2 - 6*i + 347. Calculate c(68).
-61
Let b(m) = -32*m - 29. Calculate b(-9).
259
Let v(z) = -4*z**2 - 13*z - 6. Calculate v(-1).
3
Let p(g) = 2*g**3 - 68*g**2 - 3*g + 51. What is p(34)?
-51
Let l(y) = 2*y**3 + 2*y**2 - 6*y + 316. What is l(0)?
316
Let n(j) = -25*j + 159. Give n(-12).
459
Let w(z) = -65*z + 147. Give w(3).
-48
Let x(w) = w**2 + 41*w - 107. What is x(-32)?
-395
Let y(m) = 3*m**3 - 221*m**2 + 149*m - 226. Give y(73).
-7
Let c(b) = 258*b - 46205. Calculate c(179).
-23
Let f(r) = -17*r - 1434. What is f(-75)?
-159
Let f(l) = -2*l**2 + 78*l + 1123. Give f(50).
23
Let z(k) = -91*k - 341. Determine z(-4).
23
Let c(n) = 16*n + 410. Determine c(-41).
-246
Let y(i) = -i**3 - 15*i**2 - 344. Give y(-16).
-88
Let d(p) = -p**3 - 8*p**2 + 27*p + 38. Give d(-9).
-124
Let a(n) = -85*n - 1611. Calculate a(-19).
4
Let a(c) = -515*c**3 + 4*c**2 + c - 2. What is a(-1)?
516
Let r(p) = -3*p**3 - 17*p**2 + 14*p + 45. What is r(-6)?
-3
Let a(f) = -28*f**2 - 115*f - 22. Calculate a(-4).
-10
Let y(z) = z**3 + 13*z**2 - 46*z + 16. Determine y(-18).
-776
Let k(f) = f**2 + 4*f - 10. Give k(6).
50
Let b(h) = -2333*h - 27990. Give b(-12).
6
Let g(x) = x**3 - 36*x**2 - 302*x + 87. Calculate g(4